3, 59, 167
List the prime factors of 1045895.
5, 209179
List the prime factors of 896448.
2, 3, 7, 23, 29
List the prime factors of 17039457.
3, 17, 37123
What are the prime factors of 6321628?
2, 53, 29819
What are the prime factors of 371450?
2, 5, 17, 19, 23
What are the prime factors of 105868?
2, 7, 19, 199
List the prime factors of 189637.
7, 27091
List the prime factors of 733096.
2, 7, 13, 19, 53
List the prime factors of 10654342.
2, 17, 41, 7643
What are the prime factors of 14939916?
2, 3, 1244993
What are the prime factors of 10710964?
2, 11, 243431
What are the prime factors of 3955542?
2, 3, 29, 127, 179
List the prime factors of 6988205.
5, 7, 23, 8681
What are the prime factors of 297506?
2, 11, 13523
List the prime factors of 2377697.
7, 339671
What are the prime factors of 2514605?
5, 502921
List the prime factors of 185727.
3, 61909
List the prime factors of 745362.
2, 3, 43, 107
What are the prime factors of 286660?
2, 5, 11, 1303
What are the prime factors of 387000?
2, 3, 5, 43
List the prime factors of 1842970.
2, 5, 17, 37, 293
List the prime factors of 3998393.
7, 571199
List the prime factors of 330783.
3, 110261
What are the prime factors of 8837803?
13, 53, 101, 127
List the prime factors of 41465.
5, 8293
What are the prime factors of 11241032?
2, 11, 127739
List the prime factors of 3957612.
2, 3, 329801
What are the prime factors of 447510?
2, 3, 5, 7, 2131
List the prime factors of 120556.
2, 30139
List the prime factors of 416496.
2, 3, 8677
What are the prime factors of 3815403?
3, 37, 929
What are the prime factors of 139590?
2, 3, 5, 11, 47
What are the prime factors of 21068361?
3, 47, 49807
What are the prime factors of 473048?
2, 29, 2039
List the prime factors of 36735737.
5153, 7129
List the prime factors of 62128.
2, 11, 353
What are the prime factors of 76951?
7, 10993
What are the prime factors of 290571?
3, 96857
What are the prime factors of 1907?
1907
List the prime factors of 407412.
2, 3, 11317
What are the prime factors of 12320577?
3, 197, 6949
What are the prime factors of 8603936?
2, 11, 24443
What are the prime factors of 8643674?
2, 13, 107, 239
List the prime factors of 2678849.
97, 27617
List the prime factors of 255248.
2, 7, 43, 53
What are the prime factors of 26823780?
2, 3, 5, 149021
What are the prime factors of 1852815?
3, 5, 149, 829
What are the prime factors of 680625?
3, 5, 11
What are the prime factors of 3667770?
2, 3, 5, 83, 491
What are the prime factors of 2147322?
2, 3, 61, 5867
List the prime factors of 125936.
2, 17, 463
What are the prime factors of 8501933?
11, 772903
List the prime factors of 1398726.
2, 3, 7, 17, 653
List the prime factors of 4715724.
2, 3, 13, 19, 37, 43
What are the prime factors of 626177?
626177
What are the prime factors of 211214?
2, 105607
List the prime factors of 17833538.
2, 433, 20593
What are the prime factors of 1515653?
173, 8761
What are the prime factors of 142005?
3, 5, 9467
List the prime factors of 7736792.
2, 7, 138157
List the prime factors of 10672620.
2, 3, 5, 7, 25411
List the prime factors of 589413.
3, 11, 53, 337
List the prime factors of 1448367.
3, 482789
What are the prime factors of 3912966?
2, 3, 217387
What are the prime factors of 1472583?
3, 7, 70123
List the prime factors of 216583.
109, 1987
What are the prime factors of 770239?
770239
What are the prime factors of 16369?
16369
List the prime factors of 92483.
23, 4021
What are the prime factors of 829885?
5, 7, 131, 181
List the prime factors of 561749.
61, 9209
What are the prime factors of 63?
3, 7
What are the prime factors of 482880?
2, 3, 5, 503
What are the prime factors of 1446317?
29, 53, 941
What are the prime factors of 1004703?
3, 7, 47843
What are the prime factors of 58270?
2, 5, 5827
What are the prime factors of 2328630?
2, 3, 5, 77621
What are the prime factors of 128788?
2, 11, 2927
What are the prime factors of 24623?
24623
What are the prime factors of 79533?
3, 8837
What are the prime factors of 9610128?
2, 3, 11, 6067
List the prime factors of 4413818.
2, 2206909
List the prime factors of 280872.
2, 3, 47, 83
What are the prime factors of 1380797?
11, 125527
What are the prime factors of 399525?
3, 5, 7, 761
What are the prime factors of 704452?
2, 7, 139, 181
List the prime factors of 219654.
2, 3, 12203
What are the prime factors of 99898?
2, 199, 251
What are the prime factors of 5863223?
293, 20011
What are the prime factors of 18342839?
3119, 5881
What are the prime factors of 1560182?
2, 13, 23, 2609
List the prime factors of 4442890.
2, 5, 444289
What are the prime factors of 5451124?
2, 7, 194683
What are the prime factors of 10700892?
2, 3, 297247
What are the prime factors of 23495103?
3, 431, 673
What are the prime factors of 166615?
5, 47, 709
List the prime factors of 5082264.
2, 3, 11, 23, 31
What are the prime factors of 68763?
3, 22921
List the prime factors of 403085.
5, 19, 4243
What are the prime factors of 148155?
3, 5, 7, 17, 83
What are the prime factors of 20765985?
3, 5, 313, 4423
What are the prime factors of 1354442?
2, 73, 9277
What are the prime factors of 161377?
161377
What are the prime factors of 2407608?
2, 3, 7, 17, 281
What are the prime factors of 9714911?
1979, 4909
List the prime factors of 16919264.
2, 113, 4679
List the prime factors of 18979143.
3, 6326381
List the prime factors of 800407.
800407
List the prime factors of 4880.
2, 5, 61
What are the prime factors of 8744066?
2, 19, 230107
What are the prime factors of 8202600?
2, 3, 5, 7, 31
What are the prime factors of 2307880?
2, 5, 57697
List the prime factors of 247444.
2, 61861
List the prime factors of 367142.
2, 183571
What are the prime factors of 22592076?
2, 3, 13, 97, 1493
What are the prime factors of 3549332?
2, 887333
What are the prime factors of 2413026?
2, 3, 7, 11, 1741
List the prime factors of 216226.
2, 73, 1481
List the prime factors of 7071902.
2, 23, 47, 3271
List the prime factors of 42477.
3, 14159
What are the prime factors of 2592513?
3, 7, 11, 29, 43
List the prime factors of 14520.
2, 3, 5, 11
What are the prime factors of 1499432?
2, 11, 1549
List the prime factors of 2313812.
2, 578453
What are the prime factors of 1591629?
3, 13, 37, 1103
List the prime factors of 3843788.
2, 13, 193, 383
List the prime factors of 345969.
3, 13, 2957
List the prime factors of 371260.
2, 5, 19, 977
List the prime factors of 7625146.
2, 17, 137, 1637
What are the prime factors of 1179699?
3, 461, 853
What are the prime factors of 447282?
2, 3, 11, 251
What are the prime factors of 3968655?
3, 5, 264577
What are the prime factors of 5094890?
2, 5, 53, 9613
List the prime factors of 596974.
2, 7, 42641
What are the prime factors of 1367828?
2, 7, 11, 4441
List the prime factors of 10722030.
2, 3, 5, 11, 32491
List the prime factors of 164313.
3, 18257
List the prime factors of 71314.
2, 181, 197
What are the prime factors of 58842?
2, 3, 7, 467
List the prime factors of 76933.
107, 719
List the prime factors of 3663444.
2, 3, 37, 223
What are the prime factors of 5609340?
2, 3, 5, 11, 2833
What are the prime factors of 1063599?
3, 354533
What are the prime factors of 5784639?
3, 7, 275459
List the prime factors of 7748138.
2, 47, 139, 593
What are the prime factors of 150397?
13, 23, 503
List the prime factors of 686112.
2, 3, 7, 1021
List the prime factors of 652929.
3, 217643
List the prime factors of 1205824.
2, 83, 227
List the prime factors of 2267765.
5, 453553
What are the prime factors of 1222776?
2, 3, 17, 37
List the prime factors of 208468.
2, 13, 19, 211
List the prime factors of 118296.
2, 3, 31, 53
List the prime factors of 2384223.
3, 794741
List the prime factors of 142567.
142567
What are the prime factors of 127913?
127913
List the prime factors of 329843.
23, 14341
What are the prime factors of 13925802?
2, 3, 11, 257, 821
List the prime factors of 804950.
2, 5, 17, 947
List the prime factors of 22714.
2, 41, 277
What are the prime factors of 2921005?
5, 733, 797
What are the prime factors of 527286?
2, 3, 87881
List the prime factors of 841015.
5, 7, 24029
What are the prime factors of 5900278?
2, 53, 55663
What are the prime factors of 4676605?
5, 241, 3881
What are the prime factors of 23984397?
3, 131, 6781
Wh